5*c, 3*c + c - 3 = b. Suppose 0 = -3*q + 2*q + b. What are the prime factors of (0 - 0) + 4 + q?
5
Let s(u) = u**2 + 5*u - 9. Let t be s(-7). List the prime factors of t/2*(-48)/(-40).
3
Let d(c) = -c**3 + c**2 + c - 63. Let y be d(0). Let p be (-6)/(-12) - y/2. Suppose 0 = -2*x + w + p, -2*x + 4*w + 21 + 5 = 0. What are the prime factors of x?
17
Let n(y) = 3*y - 63. Let x be n(28). Let w = 78 + -35. Let t = w - x. What are the prime factors of t?
2, 11
List the prime factors of (0 + 2)/(-2)*-21.
3, 7
Let w(i) = 2*i**2 - 4. Let p be w(-5). Let t = -9 + p. List the prime factors of t.
37
Let f(x) = -x - 5. Let c be f(-8). Suppose 3*i + 4*h = 113 - 31, -5*i - c*h + 155 = 0. Suppose 2*d + 0*d = i. List the prime factors of d.
17
Suppose -l + 34 = -22. List the prime factors of l.
2, 7
Let h(d) be the first derivative of d**4/2 - 2*d**3/3 - 3*d**2/2 - d + 5. What are the prime factors of h(3)?
2, 13
Let n(s) = -s**2 - 10*s - 13. List the prime factors of n(-7).
2
Suppose 0 = 3*a + 5*u - 3, -a - 4*a = -5*u + 35. Let g be (-16)/(-20)*(-10)/a. Suppose g*v = 5*v - 36. What are the prime factors of v?
2, 3
Suppose 0 = 2*f + 10, -4*f - 2 = 3*x - 0. List the prime factors of x.
2, 3
Let m(w) = -w**2 - 14*w - 10. Suppose 29 = -5*a - 3*g - g, -5*a + g - 49 = 0. List the prime factors of m(a).
5, 7
Let l(w) = -w**3 + 6*w**2 + 2*w - 3. Let g be l(6). List the prime factors of ((-4)/6)/((-3)/g).
2
Suppose -2*h = a - 81 + 17, 4*a - 292 = h. Let d be 4/22 + a/(-33). Let k = d + 7. What are the prime factors of k?
5
Suppose 1 = -t, 5*k + 6*t - 3*t - 2 = 0. List the prime factors of k/((-4)/2)*-38.
19
Let x(f) = f + 6. Let u(m) = m + 1. Let d(q) = -2*q + 3. Let z(n) = d(n) + 3*u(n). Let s(g) = -3*x(g) + 4*z(g). List the prime factors of s(-4).
2
Let y be (0 - -2) + 1*-1. Let g(c) = c - 1. Let r(u) = 8*u + 3. Let k(l) = 4*g(l) + r(l). List the prime factors of k(y).
11
Let o(v) = 2*v**2 - v - 1. Let m be o(2). Suppose -m*u - 4*h = -0*u, 0 = 3*h. Suppose u = -4*g - 5*s + 14, 0*g - g = 3*s. What are the prime factors of g?
2, 3
What are the prime factors of 1*(1 + 135 - -3)?
139
List the prime factors of 86 - ((-20)/(-15))/(1/(-3)).
2, 3, 5
Let d be 0*(-4 + (3 - 0)). Suppose 2*v - 6 - 8 = d. Suppose v*n = 2*n + 85. List the prime factors of n.
17
Let o(s) = 3*s - 10. Let r be o(7). Suppose r = u - 14. Suppose 0 = 2*f - 7*f + u. What are the prime factors of f?
5
Let v(t) = -t**2 + 11*t. Suppose -q = 2*a - 16 - 9, -10 = -2*a + 2*q. List the prime factors of v(a).
2, 5
Suppose l - 5*l = -196. What are the prime factors of l?
7
Let a(c) = -27*c**3 - c**2 - c. List the prime factors of a(-1).
3
Suppose -3*c + o - 6*o + 30 = 0, 50 = 5*c + 2*o. What are the prime factors of (-48)/(-5) - (-4)/c?
2, 5
Let f(s) = -51*s**3 - 1. List the prime factors of f(-1).
2, 5
Suppose -5*f - 2*y - y + 1 = 0, -5*y - 9 = 3*f. List the prime factors of 45 - 12/(-8)*f.
2, 3
Suppose 3*y - 448 = -5*y. What are the prime factors of y?
2, 7
Let r(a) = a**2 + 4*a + 5. Suppose n = -4*n. Suppose 5*l + 10 = -b, -3*l + n*l - 8 = b. What are the prime factors of r(b)?
2, 5
Let h(d) = -d**3 + d - 8. Let b be h(0). Let r = -11 - b. Let w(p) = p**3 + 4*p**2 - 3. List the prime factors of w(r).
2, 3
Let d(o) = 3*o**3 - 3*o**2 + 3*o - 3. Let k be d(2). Let n = k - -12. List the prime factors of n.
3
Let y(z) = z**2 - z - 2. Let q be y(-3). Suppose q*t = 5*t + s + 70, 2*t - 25 = s. List the prime factors of t.
3, 5
Let p be (9/((-18)/56))/(-2). Let b = p - 12. What are the prime factors of b?
2
Let a(t) = -t - 3*t + t**2 + 2*t**2 + 1. Let w be a(-3). Suppose -6*z = -z - w. List the prime factors of z.
2
Let m(w) = 52*w + 6. List the prime factors of m(5).
2, 7, 19
Let l = 43 + -35. What are the prime factors of l?
2
Let o(l) be the second derivative of -l**5/60 + 11*l**4/24 + 4*l**3/3 + l**2 - l. Let i(p) be the first derivative of o(p). List the prime factors of i(10).
2, 3
Suppose -2*g + 16 = -3*l, 3*l = 2*g + 2*l - 12. Suppose 60 = g*d - d. List the prime factors of d.
3, 5
Suppose 5*r + 4*q - 306 = 0, -3*q + 1 = -4*q. List the prime factors of r.
2, 31
Let l = 0 + 8. Let o(t) = t**2 - 3*t - 9. Let m be o(l). Suppose -3*a + 29 + m = 0. List the prime factors of a.
2, 5
Suppose c + 8*y = 5*y + 240, -16 = -4*y. What are the prime factors of c?
2, 3, 19
Let i(s) = -2*s**2 - 2*s - 1. Let o be i(-1). Let y be (4/o)/(2/(-16)). Suppose -x = x - y. What are the prime factors of x?
2
Let z(k) = -4*k. Let j be z(-1). Suppose 244 = 4*u + j. Suppose -4*y = y - u. List the prime factors of y.
2, 3
Let z be (-1)/(-5) + (-4)/(-5). Suppose 0 = 2*w - z - 1. Let h = w - -1. List the prime factors of h.
2
Let j be (-10)/25 - (-212)/5. Suppose 2*f + 16 - j = 0. List the prime factors of f.
13
Let n(l) = -4*l + 2. Let v be n(-6). Let u = -12 + v. What are the prime factors of u?
2, 7
Suppose -l - 3*v = 3*l - 667, 5*l - 4*v = 826. List the prime factors of l.
2, 83
Let q(n) = -12*n - 3. List the prime factors of q(-8).
3, 31
Let j = 41 + -24. Suppose j + 26 = g. List the prime factors of g.
43
Let x(w) = w**3 + 6*w**2 - 8*w - 4. Let v be x(-7). Suppose -z - 2*k + 29 = 4*z, v*z - k = 13. Suppose z*j = -0*j + 35. What are the prime factors of j?
7
Let f = 28 - 62. Let r = f + 49. List the prime factors of r.
3, 5
Let b = 60 - 37. Suppose -h - b = -2*h. Suppose 0 = 3*u - 59 + h. What are the prime factors of u?
2, 3
Let g = 41 + 13. List the prime factors of g.
2, 3
Suppose h - 4*i = 5, -2*h - 10 = -4*h + 2*i. Suppose -h*w - 10 = -60. What are the prime factors of 3/(-6)*-4 + w?
2, 3
Let r(g) = 4*g - 3. List the prime factors of r(8).
29
Let k(x) = x**2 - 12*x + 15. Let y be k(11). Suppose -y*z + 98 = -2. List the prime factors of z.
5
Let u(r) = 2*r - 12. Let n(k) = -1. Let l(s) = -22*n(s) + 2*u(s). Let t be (-2)/(-12) - 51/(-18). List the prime factors of l(t).
2, 5
Let o(c) = c**2 - 9*c - 30. List the prime factors of o(-12).
2, 3, 37
Suppose -5*q + 1645 = 60. List the prime factors of q.
317
Let h = 243 + -173. Suppose 0 = 2*q + 2*r - h, -4*r + 18 = q - 17. Suppose 5*w = 5*s + q, 5*w + 4*s = -3 + 38. What are the prime factors of w?
7
Let c(r) = r + 2. Let f = -2 - -2. What are the prime factors of c(f)?
2
Suppose -m + 139 = -39. What are the prime factors of m?
2, 89
Suppose -3*w - 4*m = -0*w - 234, 5*w - 3*m = 361. Suppose -l + w = l. What are the prime factors of l?
37
Let w = 121 - 67. What are the prime factors of w?
2, 3
Let w be 38/(-9) + 2/9. Let k = -6 - w. What are the prime factors of ((-6)/3 - k) + 9?
3
Let b(o) = -25*o**3 - o**2. Suppose 0*s - 1 = s. List the prime factors of b(s).
2, 3
Let l(i) = 3*i + 5. Let p(n) = n**3 - 5*n**2 - 7*n. Let v be p(6). Let r be l(v). What are the prime factors of (-3)/(-6) - r/2?
7
Let c(x) = x**2 - 9*x - 6. Let r be c(10). Suppose 2*l - 22 = r. What are the prime factors of l?
13
Let z(j) = -j**3 + 8*j**2 + 5. Let k be z(8). Suppose k*d = s + 166, -5*d + 189 = 5*s + 29. List the prime factors of d.
3, 11
Let g(c) be the third derivative of c**6/360 - c**5/30 + c**4/4 + c**3/3 + c**2. Let l(z) be the first derivative of g(z). List the prime factors of l(5).
11
Suppose 5*f + 0*f - 35 = 0. Suppose -116 = f*o - 11*o. List the prime factors of o.
29
Suppose 5*c + 52 = -18. Let i = 23 + c. What are the prime factors of i?
3
Suppose 0 = -2*a + a. Suppose a = 5*v - 25. Suppose -2*f = -v*f + 27. What are the prime factors of f?
3
What are the prime factors of ((-2)/(-6))/(6/450) + -2?
23
Suppose 50 = 4*h - 74. What are the prime factors of h?
31
Let g = 6 - 3. List the prime factors of (g + -1)/(2/3).
3
Let g(x) = 9*x**3 - x**2 + x + 1. Let j be g(-1). Let w = 14 + j. Suppose 2*z + w*m - 20 = 0, -3*z + 32 - 2 = -5*m. List the prime factors of z.
2, 5
Let t(o) = -4*o + 1. Let l(u) = 3*u - 1. Let g(z) = -7*l(z) - 5*t(z). Suppose -v = 5*y - 3*y + 2, -5*y = 3*v + 10. What are the prime factors of g(v)?
2, 3
Let z(u) = 3*u + 4. Let r(m) = -7*m - 8. Let v(l) = -4*r(l) - 9*z(l). Let y be v(8). Let x = -1 + y. List the prime factors of x.
3
Let z = 43 + 22. Suppose 5*q - 50 = z. What are the prime factors of q?
23
Let o = 14 + -9. Let q(n) = 8*n**2 - n**3 - 1 + 6*n - 4*n**2 + 2. What are the prime factors of q(o)?
2, 3
Suppose 4*c + c = 5*h - 760, -306 = -2*h + 3*c. What are the prime fac